factors of -3 - (-1023)/21 - 2/(-7).
2, 23
Suppose -x - 3*w = -90, 0*x - 3*x - 3*w = -240. List the prime factors of x.
3, 5
Suppose 0*l + l - 6 = 0. Suppose -4*u + 6 = -l. Suppose -u*y - 5 = -17. List the prime factors of y.
2
List the prime factors of (7/(-3))/((-3)/99).
7, 11
Suppose 4*c = -4*s, 5*c + 13 = -2*s + 1. Let a = -4 + s. Suppose 4*m + 5*z - 27 = a, 0 = -4*m + 3*z - 0*z + 35. List the prime factors of m.
2
List the prime factors of (-1 - 0)/(3/(-174)).
2, 29
Let i(y) = -2*y. Let u be i(-3). Suppose -4*g + 0*g = -12. Suppose 0 = -0*t + g*t - u, 0 = h - 3*t - 1. List the prime factors of h.
7
Let w be 25/4 - (-3)/4. Suppose 4*j = 2*c - 36, 5*c = -w*j + 2*j + 15. List the prime factors of c.
2
Suppose -j - 4 = j. Let c(g) = -3*g - 1. Let h be c(j). List the prime factors of -1*h*(-2)/2.
5
Suppose 5*h + 2*c = -3 + 1, h + 5*c + 5 = 0. Suppose 4*x = -3*t - 0*x + 4, -2 = t + 3*x. Suppose 8 = -t*f, -f = -h*r - r + 16. List the prime factors of r.
2, 7
Let f be 3/(6/(-7))*8. Let y be ((-8)/f)/(1/7). Suppose -3*h + 14 = -y*h. List the prime factors of h.
2, 7
What are the prime factors of (2 - 1)/((-1688)/(-562) + -3)?
281
What are the prime factors of -1 + 2 + 1 - 309/(-3)?
3, 5, 7
Suppose 19 = -5*u + 134. What are the prime factors of u?
23
Let v = 6 + -6. Let r = -83 - -140. Suppose v*l - r = -3*l. What are the prime factors of l?
19
Suppose -2 + 7 = n. Suppose -4 = n*h - 14. What are the prime factors of h?
2
Let c be 0 - (-4 + 5 + -1). Let d(x) = -3*x - x + 8 + 3*x. List the prime factors of d(c).
2
List the prime factors of -4 + (-440)/(-28) + 4/14.
2, 3
Let y(v) = 3*v**2 - v**3 - v + 11 + v - 4*v**2. What are the prime factors of y(0)?
11
Let w be 0 - 39 - (-6 + 8). Let u = -20 - w. What are the prime factors of u?
3, 7
Let h = 166 - 109. List the prime factors of h.
3, 19
Let f be (15/6)/((-3)/(-6)). Suppose -f*g - 9 = -3*g + 5*c, g = -c. Suppose g*a - 53 = -20. List the prime factors of a.
11
Suppose 64 = 4*g - 96. List the prime factors of g.
2, 5
Suppose -5*j = 16 + 24. Let k be (j/6)/(4/(-6)). Suppose 5*n + 2*p - 42 = 0, -p - 9 = -k*n + 15. List the prime factors of n.
2, 5
Let h = 13 + -5. Suppose -4*f = 2*y - 18, f - 21 - 6 = -5*y. Suppose -2*w + h = -f. List the prime factors of w.
5
Let d be (1/(-2))/(1/(-22)). Let j = 18 + -13. Let f = d - j. What are the prime factors of f?
2, 3
Let i(z) = z + 16. Suppose 6*y = 4*y - 14. Let n be i(y). Suppose -45 = -4*m + 4*h - n, -4*m - 4*h = -28. List the prime factors of m.
2
Suppose -15 = -5*f - 0*f. Suppose 2*v - 2*n = 7*v - 100, -60 = -f*v + 5*n. What are the prime factors of v?
2, 5
Suppose m = -m + 10. Let h(g) = 4*g. What are the prime factors of h(m)?
2, 5
Suppose 4*t + 2 = -b, -3*b + 2 = -t - 5. What are the prime factors of t/(-2)*(25 + 1)?
13
Suppose u = 4*u - 36. Suppose 2*r = 3*q + q - u, -12 = -q + 5*r. List the prime factors of (-1 + 0 - -29)/q.
2, 7
Let s be 0 + -3 + 10 + -3. Suppose -3*j - j + 12 = 4*o, -5*o - s*j + 20 = 0. What are the prime factors of o?
2
List the prime factors of 14/35 + -341*9/(-15).
5, 41
Suppose -409 = -2*b - 101. Suppose 0 = 4*c + 3*j + 34 - b, -5*c - 2*j = -143. What are the prime factors of c?
3
Let j = 84 + -55. What are the prime factors of j?
29
Suppose 3*y - 21 = 12. Let w = y - 18. List the prime factors of (-47)/(-7) + (-2)/w.
7
Let n(z) = z + 14. Suppose 3*r = r + 26. Let d = r + -23. What are the prime factors of n(d)?
2
Let p be 1 - 3 - (-8)/2. Let x(f) = 4*f**2 + 5 - p - 2. List the prime factors of x(1).
5
Suppose 0 = 4*i + 15 - 219. What are the prime factors of i?
3, 17
Let k = -16 - -11. Let w = 11 + k. Let s = -1 + w. List the prime factors of s.
5
Let d(q) = q**2 + q - 5. Let j be d(-4). List the prime factors of -1 - (-2 - (j - -1)).
3
Let m = -74 + -26. Let t = m - -158. What are the prime factors of t?
2, 29
Suppose 0 = -13*x + 15*x - 598. List the prime factors of x.
13, 23
Let z(k) = -k**3 + 4*k**2 - 3*k + 1. Let l = 5 + -3. List the prime factors of z(l).
3
List the prime factors of -1 + 2 - (-1 - 21).
23
Let h(o) = o + 70. What are the prime factors of h(0)?
2, 5, 7
Let a be 4 + -2 - -1*3. Suppose 33 = a*b - 2*b. Suppose -b + 3 = 2*u, 0 = 4*j - 3*u - 80. List the prime factors of j.
17
Suppose -62 = -5*g + j + 2*j, -g + 2 = 2*j. What are the prime factors of g?
2, 5
Let m = 6 + -7. Let c = 7 - m. List the prime factors of c.
2
Suppose -2*z = -0*z. Suppose -8*g + 9*g - 32 = z. List the prime factors of g.
2
Let w = -1 - 0. Let n(z) = z**3 + 2*z**2 - 1. Let v be n(w). Suppose v = p - 3. List the prime factors of p.
3
Let r(v) = -v**2 - 11*v + 3. Let y be r(-11). Suppose -13 = p - y*l, -4*p - 2*l + 16 = -2. List the prime factors of p/12*2*45.
3, 5
Let n(v) = v**3 - 4*v**2 + 1. Let r be n(4). Let i be -6 + r + 0 - 1. Let x = -4 - i. List the prime factors of x.
2
List the prime factors of -5*((-162)/10 - 1).
2, 43
Let p(d) = -2*d**2 + 14*d - 1. Let o(z) = 6*z**2 - 43*z + 2. Let v(r) = -2*o(r) - 7*p(r). Let i be v(9). List the prime factors of (-2)/(-6)*1*i.
19
Suppose 1400 = 3*z + 5*z. List the prime factors of z.
5, 7
Suppose 0 = 2*g - 0*g - 62. Suppose -5*p = -3*l + g, 3*p - 12 + 35 = 4*l. Suppose -h - 11 = -l*h. What are the prime factors of h?
11
Suppose 2*l - 33 - 27 = 0. List the prime factors of l.
2, 3, 5
Let o(g) = -g**3 + 10*g**2 - 7*g - 13. Let z be o(9). Suppose -l + 50 = -2*h + 4*h, 2*h - z*l - 26 = 0. What are the prime factors of h?
23
What are the prime factors of (-1 + 4)/(18/132)?
2, 11
Let l(c) = -c**3 + 8*c**2 - 8*c - 3. Let g be l(6). Suppose g = 2*w - 3*f, -3*w + 21 = -f - 0*f. What are the prime factors of w?
2, 3
Suppose -f = 3*q - 42, 5*f - 103 - 88 = 4*q. What are the prime factors of f?
3, 13
List the prime factors of 6 + (5 - 2 - 1).
2
Let x = -68 - -127. Suppose 2*d = x + 23. What are the prime factors of d?
41
Let x(f) = f. What are the prime factors of x(2)?
2
Suppose -x = 3*x. Let p = 8 - 5. Suppose x = p*r + 2*r - 40. What are the prime factors of r?
2
Let k = 21 - 10. List the prime factors of 3/(-2) - k/(-2).
2
Let u be -2 + 0 - (1 - -1). Let s(y) = -10*y + 3. Let i be s(2). Let j = u - i. What are the prime factors of j?
13
Let r(b) = b + 7. Let y be r(5). Suppose 5*s = s + y. Let h(l) = l**2 + 4*l - 3. List the prime factors of h(s).
2, 3
Suppose 1 = -2*s - 3*v - 0, -4*v - 8 = s. Let h(u) = 2*u**2 - 4*u - 5. List the prime factors of h(s).
11
Let q = -3 + 9. Let b(l) = -2*l**2 + l - 2. Let o be b(1). What are the prime factors of q/9 - 16/o?
2, 3
Suppose -3*y + 3*r + 333 = 0, -5*y + 2*r + 193 + 356 = 0. List the prime factors of y.
109
Let m(u) = 2 + 0 + 10*u - 2*u. What are the prime factors of m(3)?
2, 13
Suppose 4*g + 0*i = -i + 23, g = 5*i + 32. Suppose -2*a = -3*u + 41, -g*u + 2*a = -2*u - 67. List the prime factors of u.
13
What are the prime factors of (-86)/4*(-8)/(-12)*-9?
3, 43
Suppose -3*k + 135 = -0*k. Suppose -2*b = -5*y - 62, -b + 0*b + k = y. List the prime factors of b.
41
List the prime factors of -1*2 + 21/1.
19
Suppose -c - 35 = -6*c. Let f(b) = 4*b + 3. What are the prime factors of f(c)?
31
Suppose -2*m + 287 = 5*g, -g + 224 = 3*g - 4*m. List the prime factors of g.
3, 19
Let i(y) be the second derivative of 0 - 4/3*y**3 - 5/2*y**2 + 2*y + 1/12*y**4. What are the prime factors of i(9)?
2
Let x(p) = -p + 1. Let h be (1 - -6)*(-18)/(-21). Let q be x(h). Let f = 8 + q. What are the prime factors of f?
3
Let f(s) = s**3 + 7*s**2 - 8*s + 7. What are the prime factors of f(-6)?
7, 13
Let p be 1/5 - (-38)/10. Suppose -13 = -4*n + 15. Let m = n - p. List the prime factors of m.
3
Let r be 10/4*(-20)/(-25). Suppose -r*o + o = -13. List the prime factors of o.
13
Let i = -16 + 9. Let c = 37 + -9. What are the prime factors of (-8)/c - 58/i?
2
Suppose 2*s - s + 5*m + 23 = 0, s = -m - 3. Suppose -s*v - 3*y + 13 = -v, -17 = -v - y. List the prime factors of v.
19
Let a = -1 + 7. Suppose 2*r - a = 4*r. Let t = r - -9. What are the prime factors of t?
2, 3
Let d(s) = -s**2 - 8*s + 14. Let n be d(-11). Let k = n - -22. What are the prime factors of k?
3
Let u be ((-10)/15)/(4/6). Let y(v) = -14*v**3 - v**2 + 1. List the prime factors of y(u).
2, 7
Suppose -3*y - 180 = -3*k, 0 = 3*k - 5*y - 97 - 93. What are the prime factors of k?
5, 11
Let u = -1 + 6. Suppose -u*k - 4*x + 74 =